{"id":152,"date":"2023-12-17T09:40:37","date_gmt":"2023-12-17T08:40:37","guid":{"rendered":"https:\/\/chambragne-fils.com\/index.php\/produit\/pack-concert\/"},"modified":"2024-02-13T07:09:56","modified_gmt":"2024-02-13T06:09:56","slug":"pack-concert","status":"publish","type":"product","link":"https:\/\/chambragne-fils.com\/index.php\/produit\/pack-concert\/","title":{"rendered":"Pack Concert"},"content":{"rendered":"<p>Formule adapt\u00e9e pour concerts et festivals de petites et moyennes envergures<br \/>\nNombreuses r\u00e9f\u00e9rences concerts, festivals, spectacles et autres \u00e9v\u00e8nements\u2026<\/p>\n<p>Son : \u00e0 partir de 250 \u20ac (selon demande)<br \/>\n* 2 SUB Adamson 2X18pouces 3KW<br \/>\n* 4 SUB QSC 1kw<br \/>\n* 4 Retours DB Tech<br \/>\n* 1 Table de mixage Allenheath QU16 + Stagebox + RJ45<br \/>\n* 10 pieds micro<br \/>\n* 16 Micros Shure\/Sennheiser\/AKG\/Drum<br \/>\n* 4 Micros HF ou Serre t\u00eate<\/p>\n<p>Lumi\u00e8res : \u00e0 partir de 150 \u20ac (selon demande)<br \/>\n* 10 PAR 64 LED ( couleurs chaudes )<br \/>\n* 10 Lyres LED wash\/beam\/spot<br \/>\n* 4 Blinder ( \u00e9blouissement )<br \/>\n* 1 Machien a fum\u00e9e<br \/>\n* 1 Console DMX<br \/>\n* 2 Ponts , pieds \u00e0 treuils + rideaux noir<br \/>\n* 4 sunstrip<\/p>\n","protected":false},"excerpt":{"rendered":"<p>Concerts et festivals de petites et moyennes envergures\u00a0<\/p>\n","protected":false},"featured_media":285,"template":"","meta":[],"product_brand":[],"product_cat":[23],"product_tag":[],"class_list":{"0":"post-152","1":"product","2":"type-product","3":"status-publish","4":"has-post-thumbnail","6":"product_cat-nos-formules","8":"first","9":"instock","10":"virtual","11":"purchasable","12":"product-type-simple"},"_links":{"self":[{"href":"https:\/\/chambragne-fils.com\/index.php\/wp-json\/wp\/v2\/product\/152","targetHints":{"allow":["GET"]}}],"collection":[{"href":"https:\/\/chambragne-fils.com\/index.php\/wp-json\/wp\/v2\/product"}],"about":[{"href":"https:\/\/chambragne-fils.com\/index.php\/wp-json\/wp\/v2\/types\/product"}],"wp:featuredmedia":[{"embeddable":true,"href":"https:\/\/chambragne-fils.com\/index.php\/wp-json\/wp\/v2\/media\/285"}],"wp:attachment":[{"href":"https:\/\/chambragne-fils.com\/index.php\/wp-json\/wp\/v2\/media?parent=152"}],"wp:term":[{"taxonomy":"product_brand","embeddable":true,"href":"https:\/\/chambragne-fils.com\/index.php\/wp-json\/wp\/v2\/product_brand?post=152"},{"taxonomy":"product_cat","embeddable":true,"href":"https:\/\/chambragne-fils.com\/index.php\/wp-json\/wp\/v2\/product_cat?post=152"},{"taxonomy":"product_tag","embeddable":true,"href":"https:\/\/chambragne-fils.com\/index.php\/wp-json\/wp\/v2\/product_tag?post=152"}],"curies":[{"name":"wp","href":"https:\/\/api.w.org\/{rel}","templated":true}]}}