{"id":559,"date":"2025-03-27T21:11:39","date_gmt":"2025-03-27T20:11:39","guid":{"rendered":"https:\/\/chambragne-fils.com\/?post_type=product&#038;p=559"},"modified":"2026-03-11T18:10:29","modified_gmt":"2026-03-11T17:10:29","slug":"scene","status":"publish","type":"product","link":"https:\/\/chambragne-fils.com\/index.php\/produit\/scene\/","title":{"rendered":"Sc\u00e8ne"},"content":{"rendered":"<p>Sc\u00e8ne podium 6X4m <br \/>id\u00e9al pour Sound syst\u00e8me, petit groupe concert 5\/6 musiciens, \u00e9l\u00e9vation de batterie, kermesse. Possibilit\u00e9 de pendrions arri\u00e8res et lat\u00e9raux Hauteur de 30 \u00e0 50 cm. Prix en foction de la surfave, <br \/>Option pendrions arri\u00e8res sur pont 6m 150\u20ac <br \/>Option montage possible<\/p>\n","protected":false},"excerpt":{"rendered":"<p>Sc\u00e8ne<\/p>\n","protected":false},"featured_media":568,"template":"","meta":[],"product_brand":[],"product_cat":[20],"product_tag":[],"class_list":{"0":"post-559","1":"product","2":"type-product","3":"status-publish","4":"has-post-thumbnail","6":"product_cat-truss-scene","8":"first","9":"instock","10":"taxable","11":"shipping-taxable","12":"purchasable","13":"product-type-variable","14":"has-default-attributes"},"_links":{"self":[{"href":"https:\/\/chambragne-fils.com\/index.php\/wp-json\/wp\/v2\/product\/559","targetHints":{"allow":["GET"]}}],"collection":[{"href":"https:\/\/chambragne-fils.com\/index.php\/wp-json\/wp\/v2\/product"}],"about":[{"href":"https:\/\/chambragne-fils.com\/index.php\/wp-json\/wp\/v2\/types\/product"}],"wp:featuredmedia":[{"embeddable":true,"href":"https:\/\/chambragne-fils.com\/index.php\/wp-json\/wp\/v2\/media\/568"}],"wp:attachment":[{"href":"https:\/\/chambragne-fils.com\/index.php\/wp-json\/wp\/v2\/media?parent=559"}],"wp:term":[{"taxonomy":"product_brand","embeddable":true,"href":"https:\/\/chambragne-fils.com\/index.php\/wp-json\/wp\/v2\/product_brand?post=559"},{"taxonomy":"product_cat","embeddable":true,"href":"https:\/\/chambragne-fils.com\/index.php\/wp-json\/wp\/v2\/product_cat?post=559"},{"taxonomy":"product_tag","embeddable":true,"href":"https:\/\/chambragne-fils.com\/index.php\/wp-json\/wp\/v2\/product_tag?post=559"}],"curies":[{"name":"wp","href":"https:\/\/api.w.org\/{rel}","templated":true}]}}